te the remainder when 490 is divided by 120.
10
Calculate the remainder when 8476 is divided by 16.
12
What is the remainder when 1053 is divided by 12?
9
Calculate the remainder when 327 is divided by 30.
27
What is the remainder when 640 is divided by 23?
19
Calculate the remainder when 116 is divided by 42.
32
What is the remainder when 858 is divided by 215?
213
Calculate the remainder when 1080 is divided by 278.
246
What is the remainder when 131 is divided by 49?
33
Calculate the remainder when 384 is divided by 27.
6
Calculate the remainder when 478 is divided by 43.
5
What is the remainder when 176 is divided by 12?
8
What is the remainder when 50 is divided by 42?
8
What is the remainder when 7173 is divided by 34?
33
Calculate the remainder when 118 is divided by 30.
28
Calculate the remainder when 161 is divided by 35.
21
What is the remainder when 235 is divided by 23?
5
Calculate the remainder when 46 is divided by 20.
6
What is the remainder when 982 is divided by 35?
2
Calculate the remainder when 645 is divided by 27.
24
What is the remainder when 183 is divided by 59?
6
Calculate the remainder when 408 is divided by 2.
0
Calculate the remainder when 70 is divided by 26.
18
Calculate the remainder when 635 is divided by 128.
123
What is the remainder when 24636 is divided by 220?
216
Calculate the remainder when 1168 is divided by 173.
130
Calculate the remainder when 498 is divided by 140.
78
Calculate the remainder when 1285 is divided by 316.
21
Calculate the remainder when 54 is divided by 22.
10
What is the remainder when 2632 is divided by 657?
4
Calculate the remainder when 305 is divided by 18.
17
Calculate the remainder when 295 is divided by 27.
25
What is the remainder when 464 is divided by 89?
19
Calculate the remainder when 132 is divided by 75.
57
Calculate the remainder when 56 is divided by 13.
4
What is the remainder when 109 is divided by 54?
1
Calculate the remainder when 1013 is divided by 145.
143
What is the remainder when 26 is divided by 2?
0
Calculate the remainder when 22876 is divided by 13.
9
What is the remainder when 78 is divided by 74?
4
What is the remainder when 326 is divided by 15?
11
Calculate the remainder when 434 is divided by 13.
5
What is the remainder when 29069 is divided by 46?
43
What is the remainder when 644 is divided by 9?
5
Calculate the remainder when 4559 is divided by 152.
151
Calculate the remainder when 7388 is divided by 44.
40
Calculate the remainder when 85 is divided by 58.
27
What is the remainder when 333 is divided by 16?
13
What is the remainder when 31281 is divided by 9?
6
Calculate the remainder when 4803 is divided by 23.
19
What is the remainder when 607 is divided by 28?
19
What is the remainder when 22 is divided by 2?
0
Calculate the remainder when 250 is divided by 36.
34
Calculate the remainder when 5668 is divided by 70.
68
What is the remainder when 112 is divided by 51?
10
What is the remainder when 83 is divided by 31?
21
What is the remainder when 93 is divided by 25?
18
What is the remainder when 470 is divided by 78?
2
What is the remainder when 1173 is divided by 19?
14
Calculate the remainder when 180 is divided by 138.
42
Calculate the remainder when 354 is divided by 23.
9
What is the remainder when 109 is divided by 28?
25
Calculate the remainder when 9568 is divided by 87.
85
Calculate the remainder when 63 is divided by 15.
3
Calculate the remainder when 104 is divided by 15.
14
Calculate the remainder when 3611 is divided by 139.
136
Calculate the remainder when 146 is divided by 117.
29
What is the remainder when 812 is divided by 51?
47
What is the remainder when 565 is divided by 115?
105
Calculate the remainder when 117 is divided by 38.
3
Calculate the remainder when 191 is divided by 119.
72
What is the remainder when 849 is divided by 845?
4
Calculate the remainder when 1362 is divided by 168.
18
Calculate the remainder when 703 is divided by 32.
31
What is the remainder when 60 is divided by 15?
0
Calculate the remainder when 4677 is divided by 24.
21
What is the remainder when 237 is divided by 108?
21
What is the remainder when 265 is divided by 9?
4
Calculate the remainder when 9921 is divided by 121.
120
What is the remainder when 22695 is divided by 78?
75
What is the remainder when 338 is divided by 20?
18
Calculate the remainder when 378 is divided by 108.
54
Calculate the remainder when 647 is divided by 640.
7
What is the remainder when 795 is divided by 222?
129
Calculate the remainder when 899 is divided by 60.
59
What is the remainder when 132 is divided by 127?
5
What is the remainder when 120 is divided by 32?
24
What is the remainder when 347 is divided by 35?
32
Calculate the remainder when 159 is divided by 40.
39
Calculate the remainder when 287 is divided by 85.
32
Calculate the remainder when 23850 is divided by 17.
16
What is the remainder when 93 is divided by 51?
42
What is the remainder when 433 is divided by 42?
13
What is the remainder when 49 is divided by 28?
21
Calculate the remainder when 13 is divided by 3.
1
What is the remainder when 224 is divided by 75?
74
Calculate the remainder when 1129 is divided by 499.
131
Calculate the remainder when 116 is divided by 97.
19
What is the remainder when 234 is divided by 86?
62
What is the remainder when 82 is divided by 34?
14
What is the remainder when 134 is divided by 20?
14
What is the remainder when 114 is divided by 39?
36
Calculate the remainder when 2923 is divided by 583.
8
Calculate the remainder when 167 is divided by 25.
17
What is the remainder when 777 is divided by 242?
51
Calculate the remainder when 47 is divided by 44.
3
What is the remainder when 891 is divided by 119?
58
What is the remainder when 148 is divided by 15?
13
What is the remainder when 95 is divided by 48?
47
What is the remainder when 253 is divided by 46?
23
What is the remainder when 112 is divided by 47?
18
What is the remainder when 422 is divided by 119?
65
What is the remainder when 508 is divided by 191?
126
What is the remainder when 95 is divided by 25?
20
Calculate the remainder when 430 is divided by 6.
4
What is the remainder when 410 is divided by 104?
98
What is the remainder when 1950 is divided by 282?
258
What is the remainder when 259 is divided by 63?
7
Calculate the remainder when 872 is divided by 210.
32
What is the remainder when 3719 is divided by 53?
9
Calculate the remainder when 325 is divided by 97.
34
What is the remainder when 1181 is divided by 35?
26
What is the remainder when 327 is divided by 144?
39
What is the remainder when 954 is divided by 60?
54
What is the remainder when 95 is divided by 48?
47
What is the remainder when 1000 is divided by 23?
11
Calculate the remainder when 68 is divided by 23.
22
Calculate the remainder when 1382 is divided by 341.
18
Calculate the remainder when 74 is divided by 47.
27
What is the remainder when 174 is divided by 35?
34
Calculate the remainder when 131 is divided by 63.
5
What is the remainder when 2400 is divided by 798?
6
What is the remainder when 404 is divided by 103?
95
What is the remainder when 1646 is divided by 148?
18
What is the remainder when 63 is divided by 51?
12
Calculate the remainder when 1822 is divided by 8.
6
Calculate the remainder when 122 is divided by 68.
54
Calculate the remainder when 249 is divided by 77.
18
What is the remainder when 9989 is divided by 103?
101
What is the remainder when 2057 is divided by 14?
13
Calculate the remainder when 160 is divided by 40.
0
Calculate the remainder when 183 is divided by 8.
7
What is the remainder when 124 is divided by 61?
2
What is the remainder when 1493 is divided by 438?
179
Calculate the remainder when 240 is divided by 230.
10
What is the remainder when 365 is divided by 46?
43
What is the remainder when 88 is divided by 29?
1
Calculate the remainder when 3976 is divided by 221.
219
What is the remainder when 286 is divided by 37?
27
Calculate the remainder when 327 is divided by 316.
11
What is the remainder when 801 is divided by 51?
36
Calculate the remainder when 182 is divided by 31.
27
Calculate the remainder when 109 is divided by 10.
9
What is the remainder when 582 is divided by 149?
135
What is the remaind